t r = -148508 - -270607. Is r a composite number?
False
Let w(c) = -2965*c + 2283. Is w(-4) prime?
True
Let w(n) = 3*n**2 + 33*n - 31. Let y be w(-12). Suppose 0*g + i - 60922 = -4*g, y*g - 3*i = 76161. Is g composite?
True
Let i be 2 + (-2 - (3 - 3)). Suppose p + i*p - 2054 = -4*q, 0 = -4*q - 4*p + 2060. Suppose 2*n = -5*m + q, -4*m + 323 + 450 = 3*n. Is n composite?
True
Let p be 21/35*(-9 + 4). Let m be (-6)/(-12) + 933/6 + p. Let u = m + -40. Is u a prime number?
True
Let o(p) = -746*p + 44. Let b be o(-4). Let g = b + -195. Is g a prime number?
True
Suppose 0*d - 64 = -4*d. Suppose d*w - 13*w - 8457 = 0. Is w composite?
False
Let k = 33288 - -235871. Is k a prime number?
False
Is (6 - -3)/27 + (-3 - 313282/(-6)) a composite number?
True
Let b(n) = n**2 - 417*n + 20171. Is b(0) prime?
False
Let p = 10619415 + -7567460. Is p prime?
False
Let t(m) = m**3 + 2*m**2 + 7*m - 159. Is t(7) composite?
False
Is (-33377431)/61*(-1 + 0) a prime number?
True
Suppose 6026 = -7*y + 95045. Suppose -4*b + 15263 + y = 0. Is b a prime number?
False
Let b = 21142 + -65211. Let f = -30546 - b. Is f prime?
True
Suppose 6*q - 466429 = -5*v, 0 = -3*v - q + 4332 + 275541. Is v a prime number?
False
Suppose 5*l - w - 365896 = 3*l, -3*l + 4*w = -548829. Is l composite?
True
Let d(p) = -62239*p - 334. Is d(-5) a composite number?
False
Suppose 5*r + 1861 + 914 = 0. Let o = 2594 + r. Is o a prime number?
True
Suppose -h + 2*l + 12 = 0, -h + 2*l + 16 = 2*h. Suppose h*x + 78 = 2*j, -4*x + 8 + 76 = 2*j. Suppose j = 3*z - 26. Is z composite?
True
Suppose -2*x - 3 = -2*w + 3, 2*x = -5*w - 41. Let i = 3 - 1. Is (-844)/x*(i - 0) composite?
False
Is 12 - 5 - 46/(-4)*21928 prime?
False
Let x(m) = 352*m**2 + 68*m + 979. Is x(-17) composite?
True
Suppose -5*z - i = -164153, i + 65664 = 6*z - 4*z. Is z prime?
True
Suppose -r + 5*r - 2*a - 20 = 0, 5*a = -4*r + 6. Suppose -r*q + 6748 = -15972. Suppose 7*t - q + 297 = 0. Is t composite?
False
Suppose 0 = 21*j - 25*j + 8. Is ((-28)/(-8) - j/4) + 1864 a composite number?
False
Is 175959/15 - 6/(-15) a prime number?
True
Let s(l) be the second derivative of -2144*l**3/3 + 105*l**2/2 + 98*l + 1. Is s(-4) prime?
True
Suppose -1209052 = -k - p, 240*k - 241*k - 5*p = -1209072. Is k a prime number?
False
Let a = -590 - -1185. Suppose -18*z - 2659 = 725. Let i = a + z. Is i composite?
True
Let a(g) = -45*g - 102*g + 21 + 5*g - 126*g. Let i be a(-13). Suppose 6*z - z = i. Is z composite?
False
Let o be (-1)/(4/(-64932)*3). Let m = o + -1860. Is m a prime number?
False
Let n(g) = -561*g + 207. Let r(i) = -2806*i + 1039. Let k(b) = 11*n(b) - 2*r(b). Is k(-30) prime?
False
Let z(g) = -4*g + 63. Let q be z(18). Let w(j) = 10*j**2 - 6*j + 25. Is w(q) a composite number?
True
Let f(w) = -145254*w**3 - 346*w**2 - 344*w + 1. Is f(-1) a composite number?
False
Let o be (270/12)/9 - (-1)/(-2). Suppose -2 = -q, -c - 2*c - o*q = -16. Suppose -c*a - 2*s = -1628, s - 41 = a - 454. Is a a composite number?
False
Suppose 9*i - 7*i - 2*p = 492782, 3*i - 5*p = 739185. Is i composite?
True
Is (-64)/256*(-1 + 1) - (0 + -498061) a composite number?
False
Let k(o) = -1924*o - 3997. Is k(-32) composite?
False
Suppose -160 = -10*l + 40. Is (-10874)/4*(18 - l) composite?
False
Suppose 2*m + 15*z - 14*z = -8, -4*m - 3*z = 18. Is (m/(27/(-24834)))/(14/21) prime?
True
Let c(n) = 20895*n**2 + 54*n + 154. Is c(-3) a composite number?
True
Suppose 4*l + 4*b = -2 + 14, 0 = -l - 3*b + 9. Suppose 0 = -h + n + 5, 2*h + l*n + 5 = -3*n. Is ((-1)/h)/(7/(-812)) a prime number?
False
Suppose 18*i - 14*i = -4. Let p(g) = 2837*g**2 - 22*g - 22. Is p(i) prime?
True
Suppose 9*h - 49 = -274. Let p be (30/h - -2)*5. Suppose -2*l + 405 = x - 208, 5*l + p*x - 1537 = 0. Is l prime?
False
Suppose -4*o = 8*h - 4*h - 85864, -42933 = -2*o - h. Is o a composite number?
False
Let i(g) = 1466*g**3 - 10*g**2 + 70*g - 235. Is i(8) composite?
True
Suppose 19*k + 46*k - 6*k + 25311 = 0. Let v be 3/2*(-568)/6. Let q = v - k. Is q composite?
True
Let j = 692 + 41897. Is j a prime number?
True
Let i(z) = -317*z - 30. Let l(m) = -m**3 + 5*m**2 + 7*m - 11. Let x be l(6). Is i(x) a prime number?
False
Let d = -56524 + 95525. Is d prime?
False
Let k(y) = 35*y**2 + 56*y - 29. Let d be k(-23). Suppose 0 = -9*t - d + 127025. Is t a composite number?
False
Let k = 380663 - 233016. Is k a composite number?
False
Is (80/(-200))/(12/(-1526730)) a composite number?
False
Suppose -b + 2103 = 5*d, 419 = -2*d + 3*d + b. Suppose 5*x - 62 = 98. Is d + (12/(-54) - x/18) composite?
False
Let l(d) = -7*d**3 - 5*d**2 + 7*d + 22. Let n = -654 + 643. Is l(n) prime?
False
Let n be (372/42 + -8)/((-1)/(-21)). Suppose 0 = -n*w - 21449 + 393959. Is w composite?
True
Suppose 7*q - 84 = 5*q. Is (-2)/(12/q)*-1009 a prime number?
False
Suppose 5*h - g = -0 + 16, 2*h = 3*g - 4. Suppose -2427 = -h*q + 7889. Is q composite?
False
Let u(m) = -7*m**3 + m**2 - 3*m + 2. Let d be 15/((-5)/(20/3)). Let b be -10*(d/8 - -3). Is u(b) prime?
False
Suppose 117*n - 201943 = 734408. Is n composite?
True
Let h = 71 - 68. Suppose -h*g + 6 = -0. Suppose 0 = g*x + 3*x - 4715. Is x a composite number?
True
Is (-36)/18*(-14560 - -3)*6/4 composite?
True
Let r = 45311 - 8522. Is r a prime number?
False
Let m(q) = 19515*q**2 - 13*q + 4. Let c be m(4). Is c/42 + (-2)/14 prime?
True
Let z(x) = -3*x + 1958. Let s be z(0). Let q(d) = -4*d**3 + 8*d**2 - 3*d - 16. Let n be q(7). Let k = n + s. Is k a composite number?
False
Let i(j) = 2*j**2 - 3. Let z(r) = -r - 25. Let n be z(-23). Let a be i(n). Suppose 704 = 3*m - y - 386, a*y - 1485 = -4*m. Is m composite?
True
Let u(z) = -z**3 + 34*z**2 + 31*z - 65. Let p(q) = q**3 + q + 3. Let g be p(3). Is u(g) a prime number?
False
Let i = 228242 - 155653. Is i prime?
False
Suppose 0 = z - t - 1 - 3, 2*z + 4*t = 8. Suppose -5*n - z = 4*s + 8, -3*s = 3*n + 6. Is 3/(27/s) + (-16955)/(-45) a composite number?
True
Let q = -2959 - -4205. Suppose -72 - 96 = -14*k. Suppose -10*v + k*v = q. Is v composite?
True
Let b = -179 + 186. Is (-120114)/(-4) + b/14 a composite number?
False
Let y = 513672 - 320327. Is y a composite number?
True
Let v(t) = t**3 + 57*t**2 + 8*t - 93. Suppose -2*a + 3*y = 81, -9*y + 60 = -a - 14*y. Is v(a) prime?
False
Suppose 5*l - 72 = 7*l - 4*p, 2*l - 5*p = -76. Is 13964/(16/l + 36/14) prime?
False
Suppose -z - 3*p = 12 - 14, -p + 24 = 5*z. Suppose 0 = d - 5*h - 1049, z*d - 2*h = -576 + 5775. Is d prime?
True
Suppose -21*a + 76 = 34. Let q(v) = v**2 - 2*v. Let m be q(3). Suppose a*f + 80 - 782 = -2*o, f - m*o = 335. Is f prime?
True
Let p be (1*36/15)/((-8)/(-20)). Suppose 0 = p*w + 13*w - 2413. Is w composite?
False
Let z(d) = 2*d**2 + 31*d + 193. Let b(u) = u**2 + 33*u + 192. Let g(f) = -3*b(f) + 4*z(f). Is g(-22) a prime number?
False
Suppose 8*m - 1358214 = 1735330. Is m a prime number?
True
Let o(a) = 1380*a**2 + 21*a - 374. Is o(23) a composite number?
True
Let p(u) = -u**3 + 14*u**2 - 23*u + 6. Let c be p(12). Let w be 3 - (-9)/(c/4). Suppose g - 886 = -2*s + w*g, -s + 443 = -5*g. Is s a prime number?
True
Let i(m) = -281*m**3 - 2*m. Let n be i(2). Suppose -159 + 162 = 3*w. Is w/(4500/n + 2) a prime number?
True
Let f(u) = -u**3 - 27*u**2. Let g be f(-27). Suppose g = -5*w - 5*y + 34720, -15 = 6*y - y. Is w a prime number?
True
Suppose -5*d - 48 = -13*d. Suppose 3*c = d*c - 7845. Suppose 8*k - c = 3*k. Is k a prime number?
True
Let y(l) = -l**3 + 6*l**2 - 5*l + 2. Suppose 0 = 6*i - 11 - 19. Let a be y(i). Suppose -a*q = -4*g + 52, 4*q + 9 - 25 = 0. Is g prime?
False
Let o = 230 + -186. Suppose -41*a - 3639 = -o*a. Is a a prime number?
True
Let a = 8290 + -5266. Suppose 3*r + a = 7*r. Suppose -1799 - r = -5*i. Is i composite?
True
Suppose 221*d - 216*d = -1370. Let p = 527 + d. Is p a prime number?
False
Let q(x) = -708*x + 4. Let s be q(-2). Suppose b - s - 1010 = 0. Suppose 7202 = 4*t + b. Is t composite?
False
Suppose g - 6*g = 230. Let b = -46 - g. Suppose z + z - 130 = b. Is z prime?
False
Let o = 71 - 70. Is (-9070)/(-30)*(o - -2) prime?
True
Let n(d) = -27*d**2 + 12*d + 26. Let o be n(-16). Let k = o - -14706. Is 1/(-2 - k/(-3812)) prime?
True
Let i(w) = 21*w**3 - 2*w + 8. Let g be i(2). Suppose 0 = g*x - 170*x - 1798. Is x prime?
False
Let b be (249936/15)/4 - (-6)/(-10). Suppose -14*q + 